ose 15 + 144 = 8*f - 49. Suppose 3*o - 13 = -4*h, 15 = o - 4*h - 0. What is the remainder when f is divided by o?
5
Suppose 3*w + 6 = 3*v, 5*v = w + 18 + 4. Suppose -2*l - v*p + 127 = 0, 5*l = p - 6*p + 295. Let i = l + -43. What is the remainder when i is divided by 8?
5
Suppose 0 = z - t + 7, -5*z + 9*z = 5*t - 28. Let g(u) = -19*u - 106. What is the remainder when g(z) is divided by 8?
3
Let h = 19691 + -19479. Calculate the remainder when 401 is divided by h.
189
What is the remainder when 57/19*(-307)/(-3) is divided by 52?
47
Suppose 51*r - 53*r - 4*p = -234, -2*r + 209 = -p. What is the remainder when 380 is divided by r?
59
Calculate the remainder when 203 is divided by (-2296)/(-35) + 2 - (-18)/(-30).
2
Suppose 69*q - 64*q = 10, 3*q + 71222 = 4*r. Calculate the remainder when r is divided by 12.
11
Let j = 134 - 125. Let q(u) = 10 + 4*u**2 + 11*u - 8 + 13. What is the remainder when q(-4) is divided by j?
8
Suppose 7*v = -3*n + 2*v - 19, 0 = 4*n - v - 13. Suppose -y - 125 = -n*s + 2*y, 5*s = 3*y + 326. Calculate the remainder when s is divided by 19.
10
Let g(j) = -12*j - 68. Let u be g(-6). Suppose 5*s - 87 = -u*z + z, -4*z + 142 = -2*s. What is the remainder when 303 is divided by z?
31
Let z(q) = -4*q**2 + 4*q + 2. Let o(l) = 5*l**2 + 3*l**2 + 97*l - 105*l - 3. Let x(t) = -2*o(t) - 5*z(t). Calculate the remainder when x(-2) is divided by 12.
8
Let j(t) = -4*t**2 + 30*t - 4. Let u be j(6). Let a = u - 35. What is the remainder when -93*-3*(a/(-27))/1 is divided by 24?
7
Let i = 334 + -180. Suppose 5*x - i = -2*x. Suppose 5*b - 68 + 8 = 0. Calculate the remainder when x is divided by b.
10
Suppose 2574 = 166*j + 12 - 94. What is the remainder when 159 is divided by j?
15
Suppose 3*d - 22 = -g + 17, -82 = -5*d + 4*g. Suppose -200 - 388 = -d*h. What is the remainder when h is divided by 17?
8
Suppose 0 = -114*f + 111*f + 153. Let x = 57 - f. Calculate the remainder when 15 is divided by x.
3
Suppose -6*q = -3*q - 33. Suppose 0*p + p = -5, -v + 3*p - 52 = 0. Let c = -37 - v. What is the remainder when c is divided by q?
8
Let z(t) = -74*t - 1511. Calculate the remainder when z(-27) is divided by 21.
4
Suppose 0*g + 5*g + d + 28 = 0, 4*g - 4*d = -32. What is the remainder when (-446)/(-18) + (-336)/(-54) + g is divided by 5?
0
Let z = -47 - -67. Calculate the remainder when 135 is divided by 1*5*68/z.
16
Suppose 1690 - 8707 - 1355 = -182*v. Calculate the remainder when 226 is divided by v.
42
Let v(p) = -2*p**2 + 26*p + 2. Let n be v(13). Suppose b - 67 = n*x, -5*b - 11*x = -9*x - 347. Calculate the remainder when b is divided by 10.
9
Let i be 10/(2 - 62) + (-1)/(-6). Suppose 4 = 2*q - i. Calculate the remainder when 6 is divided by q.
0
Suppose -t - 164*j + 20 = -166*j, 3*t = 4*j + 54. What is the remainder when 301 is divided by t?
7
Let i(z) be the first derivative of z**4/2 - 2*z**3/3 - 9*z**2/2 + 9*z - 3. What is the remainder when 204 is divided by i(4)?
66
Suppose 0*s = -11*s + 209. Suppose 2651 = s*v - 4132. Calculate the remainder when v is divided by 45.
42
Suppose -10*s + 13*l - 14*l = -202868, -10 = 5*l. What is the remainder when s is divided by 8?
7
Let r(i) = i**2 - 54*i + 841. Calculate the remainder when r(45) is divided by 20.
16
Suppose -2*g = -5*g, 4*g = 5*q - 235. Suppose -4*t = 35 - q. What is the remainder when 42 is divided by 130/6 + t/9?
20
Suppose 106 = -28*y + 30*y. Let z = 108 - y. What is the remainder when z - 1*(-20)/(-5) is divided by 14?
9
Suppose -2*s - 2*o + 12831 = -12049, 0 = -s + 5*o + 12452. Calculate the remainder when s is divided by 98.
94
Suppose 26*m - 124 = -2*o + 25*m, -5*o + 2*m = -328. What is the remainder when 174 is divided by o?
46
Let t(b) = -2*b**2 + 29*b + 19. Let s be t(15). Suppose -4*g = s*m - 118 - 14, -4*g - 3*m = -129. What is the remainder when 57 is divided by g?
27
Let f be (-1 + (-4 - -6))*-2. Calculate the remainder when f/12 - 2936/(-48) is divided by 18.
7
Suppose -6125 = -4*s - 45*s. Suppose 3 = 2*j + 23. What is the remainder when s is divided by ((-32)/5)/(2/j)?
29
Suppose 7622 = 198*m - 1239382. Calculate the remainder when m is divided by 30.
28
Suppose 0 = -5*r + 3*r + 130. Calculate the remainder when ((-23)/3 + 2)*-1*57 is divided by r.
63
Suppose 7*d + 18 = 74. Suppose -6*i + 8 + 4 = 0. Suppose -i*b + 54 = d. What is the remainder when 42 is divided by b?
19
Suppose -16*u + 11*u + 5 = 0. Let g(q) = 32*q + 13. Let s = 172 - -52. Calculate the remainder when s is divided by g(u).
44
Suppose -4*h = -5*d - 495, -4*d - 190 = -4*h + 302. What is the remainder when 202 is divided by h?
82
Suppose -5*g + 5*h + 5160 = 0, -18*g + 4*h + 1014 = -17*g. What is the remainder when g is divided by 136?
86
Let r = -93 + 125. Suppose 159 + 69 = 3*c. What is the remainder when c is divided by r?
12
Let c be 20/(-6)*-2*126/35. Suppose -2*g + 4*l + c = -g, 0 = 2*g + 5*l + 4. Calculate the remainder when 20 is divided by g.
4
Let k(d) = -d**3 - 14*d**2 - 19*d + 1. Let j be k(-13). Let v = j - 38. What is the remainder when 2*2*119/4 is divided by v?
37
Let q be 171/(-95) + 2/(-10). Calculate the remainder when 55 is divided by (75 - 107)*q/(0 - -4).
7
Suppose -7*m - 180 = -27*m. Suppose -180 = -4*q - 2*a, 6*q - 5*q + 4*a = 59. What is the remainder when q is divided by m?
7
Suppose 3*m + 2056 = -4*o, -6*o + 8*o - 10 = 0. Let u = m - -769. Calculate the remainder when 231 is divided by u.
0
Let f(v) = -3*v + 6. Let l be f(-10). Calculate the remainder when 62 is divided by (-306)/l*(-2)/1.
11
Let s(y) = y**2 - 18*y - 131. Let w be s(25). Suppose -w*o + 1674 = -35*o. Calculate the remainder when o is divided by 50.
36
Suppose -i + 0*u + 4*u = -19, 5*u = -20. Let n be i/(-5) - (-21696)/160. Let f = n - 128. What is the remainder when 46 is divided by f?
4
Calculate the remainder when 120 is divided by ((-13)/((-91)/35) - 6)*-7.
1
Let q be ((294/5)/(-3))/((-22)/55). Suppose 64*l = q*l + 270. Let i = 162 - 93. Calculate the remainder when i is divided by l.
15
Let l = 0 - -16. Suppose -3*a = -193*v + 192*v - 192, a - 80 = 3*v. What is the remainder when a is divided by l?
14
Calculate the remainder when 6*(-4288)/48*3*1/(-8) is divided by 71.
59
Suppose -3*g + 5*g = 0. Let f = -241 + 271. Calculate the remainder when f is divided by (g - -14) + (4 - 2).
14
Let f(g) = -g**3 + 3*g**2 + 3*g + 4. Let h be f(4). Let i(m) = -6*m + 2. Let v be i(h). Suppose v*a + 231 = 13*a. What is the remainder when a is divided by 6?
3
Let v(s) = 117*s - 12 + 4*s**2 - 124*s + s**3 + 4. Let b be v(-4). What is the remainder when 0 + (-630)/(-8) + 5/b is divided by 9?
7
Suppose 0 = -50*w + 42*w + 24. Suppose 2*o - w*o = -z - 12, 0 = 2*z + 8. Calculate the remainder when 4/18 + 744/54 is divided by o.
6
Suppose -4*k - 2 = -5*r, 3*r - 1 = -5*k + 15. Let s(u) = 30 - 7*u - 49 - 30. What is the remainder when s(-9) is divided by k?
0
Let p(d) = -19*d + 1478. What is the remainder when p(69) is divided by 51?
14
Let m be (1 + 38/(-4))*6/(-3). Let p = m + 0. Let q(d) = 2*d**2 + 2*d + 1. Calculate the remainder when p is divided by q(-2).
2
Suppose -5*s = -15, 131*s - 128*s + 4379 = 4*z. What is the remainder when z is divided by 296?
209
Suppose 0 = y + 4*c - 46, -208 = -5*y - 2*c + 4*c. Let a(f) = -21841*f - 152829. What is the remainder when y/(-4)*(-22)/1 is divided by a(-7)?
57
Let t be (-14)/(-5) + 2/10. Suppose -5*f - 3*n = 9 + 291, f = -t*n - 48. What is the remainder when (-2)/(-6)*-20*f/6 is divided by 9?
7
Suppose -2*n - 4*v + 7*v = -37, -5*n = -5*v - 105. Suppose -3*m - 3*u + 58 = -n, -2*m + 3*u = -66. Calculate the remainder when m is divided by 18.
12
Let d = -11012 + 11038. Let l(k) = -1 - 2*k - 1 + 4. What is the remainder when d is divided by l(-4)?
6
Let h(s) = s**2 - 12. Let w be h(4). Let i be 130/w*(-36)/(-10). Let x = i - 61. What is the remainder when x is divided by 12?
8
Let i = 14660 - 13985. What is the remainder when i is divided by 34?
29
Let j = -419772 + 419783. Let m = -1033 + 1823. Calculate the remainder when m is divided by j.
9
Let o(d) = d**3 - 54*d**2 + 130*d - 177. Calculate the remainder when 7808 is divided by o(53).
0
Let x be 27/45 + (-4)/(-10). Suppose -3*v = 2*l + 9, l - 3*v - 5 = 4. Calculate the remainder when (l/x + -34)*(-11 + 9) is divided by 10.
8
Let v(b) = -14